 - 9 - 2).
-1
What is the value of 61 - 65 - ((0 - 3) + -1)?
0
What is the value of 11 - (-2 + -5 + 12) - 1?
5
Evaluate -66 + 66 - (-3 - 4).
7
What is -23 + 16 + (9 - 1)?
1
What is -4 + 1 + -2 + 3?
-2
Evaluate -12 + 1 + 21 + -3.
7
What is the value of 0 + 0 + 2 + 2?
4
Calculate 6 + -6 + (0 - 1) + 1.
0
What is -2 + (13 + -19 - -17)?
9
Calculate -8 - (-2 + 2 + 3 + -7).
-4
Evaluate -1 + 2 + -5 - 2.
-6
What is the value of 5 - ((-5 - -3) + 4)?
3
-4 + (6 + -2 - 0 - -1)
1
9 + -11 + (5 - 0) + -5
-2
Evaluate -3 + 0 + (-3 - (-11 + 14)).
-9
Calculate -2 - ((9 - 17) + 2).
4
Evaluate 6 + -13 + 7 + 9 - 6.
3
What is the value of (-23 - -27) + (5 - -1)?
10
What is the value of -5 - (-3 + -5 + -1)?
4
Evaluate -17 + 15 + (2 - (-1 + 2)).
-1
Evaluate -9 + -2 + 17 + -12.
-6
Calculate 0 + 6 + 4 + -6 - 3.
1
What is 3 + -5 + 0 + 0?
-2
What is the value of 6 - 11 - (-9 + 4)?
0
Calculate (4 - (12 - 11)) + -8.
-5
What is the value of (-5 - 1) + 2 - (-6 + -2)?
4
Calculate 1 + -4 + 37 + -37.
-3
Evaluate -4 - ((-3 - -7) + -14) - 7.
-1
-2 + 1 - (-4 - (1 + -2))
2
What is (0 - (0 + 1)) + 4 + -6?
-3
Evaluate -2 - (2 - (3 - (0 - 2))).
1
Calculate (-3 + 4 - 2) + 6 - 1.
4
What is the value of 0 + -2 + 3 + 3?
4
Evaluate (0 - (-2 + 1 + -2)) + -2.
1
Evaluate (1 - (7 - (3 - 8))) + 2.
-9
What is the value of -3 - (-1 - 7 - -11)?
-6
What is 35 + -20 - (9 + 0)?
6
(7 + -9 - 1) + 1 + -2
-4
Evaluate -4 - (7 + -5 + -3).
-3
1 + -1 - (79 - 86) - 17
-10
What is the value of -4 + (1 - 3) + 5?
-1
What is the value of -3 + (-3 - (-4 + -4))?
2
Evaluate -1 + -2 + 0 - (-6 + 4).
-1
What is the value of 9 + -5 - (-5 - -3 - 0)?
6
Evaluate 6 + (-1 - -6 - 6 - 0).
5
(-3 - ((1 - 3) + -1)) + 8
8
Evaluate -3 + 6 + (-7 - -2).
-2
-2 - (1 + -2) - (2 + -5)
2
-6 + 10 - (0 - -1)
3
5 + (-18 - -1) + (58 - 51)
-5
What is the value of 4 + 0 - (8 + (1 - 2))?
-3
-3 + (1 + 4 - (-2 - -5))
-1
What is the value of -8 + 11 + -1 + 0 + 0?
2
What is -5 - (10 + 4 + -11)?
-8
What is the value of 7 + -8 + 3 + -4?
-2
Evaluate 6 - (2 - 7 - -4) - 15.
-8
What is the value of -4 - (0 - (-5 - -4))?
-5
Evaluate -7 - ((7 - 2) + -7).
-5
What is 3 - 0 - 1 - 8?
-6
Calculate -40 + 37 - (4 + -1).
-6
Evaluate -4 + 3 - (-6 - -15).
-10
What is 1 + -8 - (-8 - -8) - -3?
-4
Calculate -12 - (9 + (-10 - 4)).
-7
Evaluate (0 - 5) + (33 - 21).
7
Evaluate (-1 - 7) + (6 - 0).
-2
Evaluate 11 - 0 - (3 - (1 + 0)).
9
What is -6 - (4 + -8) - (-1 - -1)?
-2
Calculate 6 + -9 + 5 + 0.
2
What is (4 - 2) + 4 - (-1 - -6)?
1
Calculate -3 - 0 - (-1 - (-17 + 14)).
-5
What is the value of 13 - 18 - -10 - 8?
-3
What is the value of 9 + -14 + (4 - 7)?
-8
-3 + -2 + (5 - (7 - 4))
-3
What is the value of -3 - -1 - 2 - -9?
5
-2 + 0 - 2 - (-6 + 5)
-3
Evaluate -7 + (-3 - 1 - 1 - -12).
0
(-3 - (2 - -1)) + 6
0
Calculate -9 + 31 + -7 + -8.
7
What is the value of 0 - (-10 - (-14 - -1))?
-3
Calculate -4 + 0 + 4 + -3.
-3
What is (-7 + 9 - -12) + -9?
5
0 + -1 + 1 + 1 + -2
-1
What is 1 + -2 + (33 - 29)?
3
What is -2 + (-1 + 1 - (7 + -4))?
-5
(29 - 25) + (1 + -2 - 7)
-4
What is the value of -1 + (4 - -1) - (92 - 86)?
-2
What is the value of 3 - (3 + -1 - 2) - -1?
4
Calculate 12 + (-2 - 1 - 7).
2
((3 - 8) + 4 - 3) + 3
-1
What is (-4 + 10 - 7) + (0 - 1)?
-2
-1 + -4 + 16 + -10
1
What is the value of 0 + (-9 + 2 - -2)?
-5
What is 7 - (1 + 7 + -8)?
7
What is 12 + -13 + (0 - (0 - -1))?
-2
Calculate -2 + (-5 + 15 - 6) + -9.
-7
8 + (10 + -2 - (-6 - -15))
7
-23 + 21 + (2 - -1)
1
Evaluate -6 - (-1 - (7 - 1)).
1
What is (-4 - -6 - 8 - -6) + -5?
-5
-25 + 25 + (-3 - (5 + -2))
-6
Calculate (-2 + 4 - -1) + -1 + 4.
6
What is (-5 - -3 - -1) + (2 - 3)?
-2
Calculate (7 - 13) + 4 - (0 + -1).
-1
Evaluate -1 + (1 - (-11 - -5)) + 3.
9
-6 + (2 + -4 - (-10 - -4))
-2
What is 6 + (-4 - (5 + -6) - 3)?
0
Evaluate 1 - (-5 - (5 - 10)).
1
Evaluate (6 - 13) + 4 - -2.
-1
Calculate 0 + 0 + (0 - 4).
-4
Calculate -6 + 12 + -4 - 3.
-1
Evaluate -12 + 0 + (-3 - -15).
0
(0 - 2 - -4) + 2 + -7
-3
Calculate (1 - 1) + (-4 - -6) + -4.
-2
Calculate -4 - 6 - -10 - 3.
-3
-3 + (8 - 2) + -2
1
4 - (-1 - (10 - 12))
3
Evaluate (-5 - 0) + (5 - 4) + 1.
-3
What is the value of 2 + 7 - (-118 - -118)?
9
What is the value of 3 - (5 + (2 - 2 - 1))?
-1
(-11 - -1) + 3 + 10 + -5
-2
What is (7 - (-3 + 7 + 8)) + 14?
9
What is the value of -2 + (-4 + 5 - 0) + 4?
3
What is 1 + (-3 - 1 - (4 - 1))?
-6
1 + (-5 + 6 + 0 - 5)
-3
-1 - (-3 + -1 + 3 + -3)
3
Evaluate (-6 + 2 - (-8 + 2)) + 2.
4
Calculate 8 + 0 - (46 + -43).
5
What is the value of -8 + 0 + 3 + (6 - 6)?
-5
Evaluate -1 + (-6 - -9 - (8 - 2)).
-4
2 + 5 + -10 + 3
0
Evaluate (2 + -3 - 0 - 1) + 2.
0
-2 + 0 + -4 + 1
-5
Calculate 7 + (-8 - (12 - 8)) + 7.
2
What is the value of -6 + -2 + 10 + -6?
-4
What is -20 - -10 - (-11 - 3)?
4
Evaluate (-1 - 1) + (3 - 7 - -6).
0
Evaluate -2 - (7 + -4 - 4 - 4).
3
0 + (3 - 7) + 0
-4
Calculate 11 - (16 - 2) - (-8 - 1).
6
What is the value of 0 + 3 - (-10 - -17)?
-4
What is the value of 0 + 3 + 5 + -5?
3
What is the value of -1 + (10 + -16 - -10)?
3
Calculate -7 + (-1 + -6 - -7).
-7
What is -14 - (0 + -21 - -6)?
1
Calculate -3 + (-1 - (-2 + (1 - 1))).
-2
Calculate -2 - (0 + 2 + (-1 - -1)).
-4
What is the value of 0 + 0 + -37 + 38?
1
7 + 1 - (58 + -50) - -4
4
Evaluate 0 + 5 - (-2 - -6) - -7.
8
Calculate -4 - -3 - -3 - (2 - 4).
4
What is -5 + -2 - -5 - -7 - 9?
-4
(-2 - -1) + 4 + 88 + -85
6
What is 8 - 12 - (-5 + -3)?
4
What is the value of 2 + -1 + (-1 - 0)?
0
-4 - -2 - (3 + 0 + -2)
-3
What is the value of (1 - (3 + -3 + -3)) + -1?
3
(4 - (-1 + (7 - 5))) + -8
-5
What is the value of 0 - (-2 - 0 - -3)?
-1
Evaluate -2 - (-4 - (-3 + -1 + 4)).
2
Calculate 3 + (-1 - -5 - (4 - 0)).
3
Calculate -2 + 5 - (3 + 5 + 0).
-5
(-4 + 2 - -1) + (7 - 3)
3
-2 + -1 + 1 + (42 - 38)
2
What is 1 + (-4 + -1 - -4) + 0?
0
Calculate 1 - (1 - -6) - -4.
-2
What is 3 - 7 - (3 + 1)?
-8
Evaluate 14 - (8 - 0 - 1).
7
Evaluate -1 + -10 + 14 + -7.
-4
(3 - (-3 - -8)) + 0 + -4
-6
Calculate 7 + -13 + 6 + -1.
-1
What is the value of -4 - (0 + -8 + (-11 - -10))?
5
What is -5 + -11 + 3 + 4 - -3?
-6
Evaluate 4 + (-6 + 0 + -5 - -1).
-6
Calculate -3 - (3 + -12 - -2).
4
-5 - (-7 - -8 - 7 - 0)
1
Evaluate 1 - (0 + 2 + 0).
-1
What is 0 - 5 - (-12 - -9)?
-2
2 + -6 + (1 - 4)
-7
What is the value of (1 + 3 - -1) + 2 - 4?
3
Calculate (49 - 47) + 1 + 0.
3
Calculate -5 + 1 + 3 + -2 + 1.
-2
Calculate 0 + -5 + 0 + 1 + 0.
-4
Evaluate 13 - ((1 - -4) + 1).
7
What is 6 + (-11 - 1) - (2 - 8)?
0
What is -7 + (0 - (-8 + -2))?
3
Evaluate -4 + 0 + 1 + -1.
-4
Evaluate 0 + 5 + (-8 + 14 - 8).
3
What is the value of -1 + (0 - 0 - -3) + -4?
-2
Calculate 7 + 0 + -7 + 1 - 5.
-4
What is 4 + (6 - 12 - -3)?
1
Calculate (17 + -4 - 9) + (0 - 1).
3
Evaluate -1 + 1 + 1 - (3 + -4).
2
Evaluate -2 + -5 + 6 + 1 + 4.
4
Calculate 0 + 5 + -1 - 7.
-3
What is the value of 13 + (-6 + -7 - -5)?
5
Evaluate (-1 - -6) + (-1 - 9).
-5
(3 - -2) + (1 - 9) + -2
-5
Evaluate -3 - (1 - (10 - 1) - -3).
2
Calculate (-6 - -3) + (1 - -5).
3
What is 7 - (0 - -4) - 7?
-4
What is the value of (3 - (-4 - -10)) + 2?
-1
Evaluate (8 - (2 - -6)) + (2 - -4).
6
1 - ((2 - -5) + (-14 - -4))
4
What is the value of (7 - 4) + 1 - (3 - -1)?
0
What is 4 - (1 - (-7 + 5))?
1
-4 + (8 - (3 - 1))
2
What is the value of -3 + 18 - (6 - -6)?
3
Calculate 1 + -13 + (1 - -2) + 4.
-5
3 - 2 - 2 - -2
1
(2 + -3 - 0) + (5 - 4)
0
What is (6 - 23 - -12) + -4?
-9
Calculate -3 + -4 + -4 + 6.
-5
-7 + (-7 - -4) - -12
2
What is the value of 2 - (22 + -25 - (-8 + -2))?
-5
What is (1 - -2) + -4 + -5?
-6
-3 - (-1 + 10) - -6 - -6
0
What is -1 + (-4 - (4 + -8))?
-1
What is -2 + 1 - (-3 - (-14 - -12))?
0
What is -17 + 20 + (-5 - 1)?
-3
Evaluate 0 + -5 + 11 - 1.
5
Evaluate -9 - ((14 - 14) + 0).
-9
Calculate -1 + -4 + (7 + -4 - -7).
5
Calculate -16 - -16 - (1 - 2).
1
Evaluate 5 + (2 - -2) + -8.
1
What is the value of -2 + 4 + (-6 - 0)?
-4
What is the value of (2 - -6) + -19 + 0 + 14?
3
8 + -3 + (-13 - -4)
-4
Calculate -9 + 20 + -8 + 3.
6
-4 - (-6 + -2 + (1 - -4))
-1
Calculate -4 - (-4 + 0) - 0.
0
(-4 - (14 - 6)) + 10
-2
Evaluate 9 + -3 + -1 + -3.
2
What is the value of 47 + -43 + -3 + 7?
8
Evaluate (11 + -11 - (1 - 1)) + 8.
8
0 + (-1 - (0 - 0))
-1
What is the value of (11 - -1) + -22 + 4?
-6
11 - 11 - (0 + (2 - 2))
0
What is -55 + 55 - (1 - (-9 + 2))?
-8
(5 - 1) + -8 - -5
1
What is 9 - (14 + -8) - 9?
-6
What is the value o